ive of -r**5/20 + r**4/12 - r**3/6 + 19*r**2/2 - 14365*r. Give u(a).
19
Let t(x) = -5*x**3 + 2*x**2 - 3. Let h(u) = 4*u**3 - 3*u**2 + u + 4. Let d(b) = -4*h(b) - 3*t(b). Suppose 39*n - 895 = -140*n. Give d(n).
-2
Let p(j) = -8*j + 5*j - 10*j + 3*j**2 - 4 + 11*j + 3*j. Calculate p(-2).
6
Let h(m) be the first derivative of 0*m**2 + 187 - 5/3*m**3 + 12*m - 1/4*m**4. What is h(-5)?
12
Let h(n) = 2*n**3 + 12*n**2 - n - 11. Let f be h(-6). Let u = -23 - -25. Let q(s) = 2 + 30*s + s**u + 2 - 26*s. Give q(f).
9
Let b(v) be the second derivative of v**5/20 - 5*v**4/12 + v**3/6 + 3*v**2/2 - 662*v. Suppose 3*a = -2*a. Suppose a - 9 = -3*u. Calculate b(u).
-12
Let h(d) be the first derivative of 2*d**2 - d - 285. Let b = -3 + 9. Let a be b*(2/(-3))/(-2). What is h(a)?
7
Let a = -527 + 532. Let o(n) = -2*n**2 + 3*n + 17. Give o(a).
-18
Let j(x) = 12 - 16*x - 2*x**2 + 40 - 53 + 8 - x**2. Calculate j(-6).
-5
Let b(i) = -2*i**3 + 11*i**2 + 3*i + 7. Let x be b(6). Let n(g) = 2*g - 23 + 42 - 29. Determine n(x).
-32
Let q = 148 - 146. Let z(s) be the third derivative of 3*s**4/4 - s**3/6 - 43*s**2. Calculate z(q).
35
Let m be (-27)/6 + (-1)/2. Let v = m + 9. Let j(f) = 3*f**2 - 27*f + 1. Let n(x) = 2*x**2 - 19*x. Let s(b) = -3*j(b) + 4*n(b). What is s(v)?
1
Let o(t) = 134327*t - 67153*t - 111 - 67147*t. Calculate o(4).
-3
Suppose -129 = -u - 132, -3*w - u = 18. Let i(f) = -f**2 - 10*f. What is i(w)?
25
Let q(s) be the first derivative of 2*s**2 - 2*s + s**2 + 6 - 4*s**2. Let w = 364 + -361. Determine q(w).
-8
Let u(g) be the second derivative of -g**5/20 + g**3/3 + 4*g**2 + 2*g + 241. Give u(0).
8
Let p(w) be the second derivative of w**6/180 + w**5/60 + w**3/3 - 39*w**2 + 2*w - 32. Let d(v) be the second derivative of p(v). What is d(-2)?
4
Let y = 500 - 894. Let k = y - -395. Let j(s) = -4*s + 2. Determine j(k).
-2
Let r(u) be the first derivative of u**6/120 - 13*u**5/60 + 13*u**4/24 - 17*u**3/6 + 6*u**2 + 11*u - 320. Let n(x) be the second derivative of r(x). Give n(12).
-5
Let w(n) = n**2 - n - 2. Let q be w(0). Let v be q/4 + 17/(-2). Let r(f) be the second derivative of f**3/6 + 7*f**2 + 2989*f. What is r(v)?
5
Let u(j) = -5 - 7*j + 2*j + 9*j**2 - 39*j**2 + 13*j**2. What is u(-1)?
-17
Let b(l) = 4*l + 1. Let p(d) = -d**3 - d**2 - d + 6. Let g be p(0). Let q(z) = 1 - g*z - 1 + 3*z. Let m(f) = -2*b(f) - 3*q(f). What is m(6)?
4
Suppose -8*x - 40*x + 170 = 37*x. Let c(k) = 10*k**2 - k + 2. What is c(x)?
40
Let v(b) = 6*b - 3. Let s be v(-7). Let g = s + 49. Let d(q) = g + 2*q + 2*q - 2*q + q**2. Determine d(-3).
7
Let f(k) = -7*k - 237635*k**2 - 7*k + 9 + k**3 + 237630*k**2. Calculate f(7).
9
Let l(r) = -r**3 + 2*r**2 + 36*r - 2. Suppose i + 3*n + 36 = 13, -i = -2*n - 7. Calculate l(i).
-7
Let s(n) = -n + 6. Let p = -25 - -28. Suppose 0 = -3*l + p, 2*l - 8 = -2*m + 4*l. Let b(d) = -d**2 + 12*d - 27. Let j be b(m). What is s(j)?
-2
Let h(y) = -11*y**3 - 2*y - 1. Let s = 258 - 220. Suppose s = 5*l + 43. Determine h(l).
12
Suppose 3*t + q = 2*q - 32, -4*t - 50 = -5*q. Suppose z = 14*z - 104. Let w(d) = -z*d - 4*d**2 - d**3 + 9 + 7*d**2 - 14*d**2. Give w(t).
-11
Suppose 21 = -2*c - 5*s, c + 3 = 13*s - 14*s. Let a(p) = -10 - 5*p**2 + 2*p**2 - 4 + 2*p**c + 11*p. Calculate a(10).
-4
Let r(h) = -h - 2. Suppose -2*q - 2*j + 12 = 0, 5*q - j - 12 = 6. Suppose 16 = 4*m, 0 = -q*v + 5*m - 0*m - 28. What is r(v)?
0
Let v(z) = 10*z - 441. Let d be v(0). Let y = d - -443. Let c(t) = t**3 - t**2 + t - 2. Give c(y).
4
Let j(w) = w**3 + 7*w**2 - 8*w + 10. Let k be j(-8). Let p(m) = m + 7 + 4*m + k - 14. What is p(-2)?
-7
Suppose 4*g - 136 = -0*g. Suppose -232*m - 288 = -240*m. Let q = m - g. Let j(i) = i**2 - 6*i + 3. Determine j(q).
-5
Let d be 5 + 1*(1 - 4). Let g(t) = t**2 - 11*t + 20. Let c be g(9). Let m(n) = 2*n**d + 8*n - n**c + 2 - 2*n**2 - 5. Give m(5).
12
Let i(o) = o**3 - 3*o**2 - 55*o + 29. Let q(j) = j**3 - 3*j**2 - 78*j + 31. Let s(z) = 3*i(z) - 2*q(z). What is s(-3)?
-2
Suppose 95 = -12*i + 47. Let k(n) = -3*n**2 + n - 4. Give k(i).
-56
Let x(v) = -v**2 + 33*v + 107. Let c be -1 + 102/3 - (19 - 22). Calculate x(c).
-1
Suppose -a - u = 2*u + 10, -4*u - 20 = 0. Let k(j) = 5*j - 1 - 2 - 15*j + 12*j. What is k(a)?
7
Let n(j) = -65*j**3 - 31*j**2 - 17*j - 11. Let o(r) = 37*r**3 + 16*r**2 + 8*r + 5. Let u(c) = -4*n(c) - 7*o(c). Calculate u(-11).
-2
Suppose 4*d = d + 5*o + 91, 35 = d + 3*o. Suppose d = 78*p - 62*p. Let t(v) = 4 - 7*v + 2*v - 2. What is t(p)?
-8
Let t = 756 + -752. Let b(x) be the third derivative of -3/2*x**3 + 4*x**2 + 0 + 0*x + 1/24*x**4. Give b(t).
-5
Let s(q) = q**3 - 5*q**2 - 2*q + 5. Let v = -50 - -137. Let o = -84 + v. Suppose -o*y - 7*w + 4*w + 30 = 0, -2*y - 3*w + 25 = 0. Give s(y).
-5
Let y(g) = 2*g + 4. Suppose -3*p - 2*u = -80, 2*p - 2*u - 60 = -5*u. Suppose h = -2*z - p, 4*z - 5*h + 15 + 5 = 0. Determine y(z).
-16
Suppose 7*y - 2*y = -3*b + 12, -3*y = -3*b + 12. Suppose 5*k = 25, 3*k = -h - y*h + 18. Suppose -h*a = -0*a. Let z(v) = v**3 + v - 10. Calculate z(a).
-10
Let b(t) = t**2 - 7*t - 3. Let x(c) = -344*c + 18. Let v be x(-1). Let w = 368 - v. Give b(w).
-9
Let s(h) = -198*h - 11686. Let w be s(-59). Let y(v) = 7*v**2 + 13*v + 12. Determine y(w).
72
Let s(t) = -8*t - 2 - 10*t - t**3 + 0 + 2*t**3 + 7*t**2. Suppose 30*l - 26*l - 20 = 4*h, 4*l + 16 = 0. What is s(h)?
-2
Suppose -13*a - 234 + 221 = 0. Let l(r) = 37*r + 33. Determine l(a).
-4
Let f(g) = 8*g - 8. Suppose -5*k + 7 = a - 8*k, 5*a + 2*k = 18. Give f(a).
24
Let v(k) = -68*k + 12. Let l be (-6 + 4)*(13 + 425/(-34)). What is v(l)?
80
Suppose 16 = 2*u - 4*w, w = 5*u + 4*w - 1. Let l(r) = 2*r + 3*r + r**u + 7*r - 11*r - 7. Calculate l(-5).
13
Let v(r) = -r**3 + 4*r**2 - 4*r + 3. Suppose -2*q = -f + 2, -23 = q - f - 19. What is v(q)?
3
Let s(b) be the first derivative of -b**2/2 + 12*b - 15. Let j be s(9). Let l(f) = -4*f + j - 4*f**2 + 4*f**2 + f**2. Determine l(4).
3
Let d(h) be the first derivative of -2*h**3/3 - h**2/2 + 38*h + 9. Let g(o) be the first derivative of d(o). What is g(-1)?
3
Suppose -612 = -4*r - 13*r. Let l = -31 + r. Let m(x) = -x**2 + 6*x - 3. Let c(d) = d. Let w(o) = -c(o) + m(o). What is w(l)?
-3
Let g(z) = -z**2 - 6*z - 2. Let m be g(-5). Let s be 4*(-2 + 0 + 3). Let l(f) = s*f - 6*f - 2*f + 2. Determine l(m).
-10
Let f(u) = 34*u - 481. Suppose -5*v + 24 = -33 - 13. What is f(v)?
-5
Suppose -41*k + 162 + 69 = -15. Let q(c) = -c**2 + 13*c + 4. Calculate q(k).
46
Let n be (2 + (-15 - -8 - -20))*(-4)/6. Let i(q) = 7*q + 11. Let p(o) = 15*o + 23. Let j(s) = 13*i(s) - 6*p(s). Determine j(n).
-5
Let m(p) = 2*p**2 - 23*p - 31. Let w be m(13). Let f(u) = w*u - 6*u - 1 + 9*u. What is f(-1)?
-12
Let h be 322/42 - 1/(-3). Suppose -h*y + 49 = -y. Let k(i) = 2*i - 13. Determine k(y).
1
Let z(u) = -u - 3. Let i(g) = -5*g**2 + 34*g + 10. Let d = -516 + 523. Let m be i(d). Calculate z(m).
-6
Let b be -4 - 423/(4 - 1). Let l be b/(-58)*-1*1*-2. Let x(z) = -z**3 + 7*z**2 - 7*z + 4. Determine x(l).
19
Let h(r) = -61*r**2 + 6*r. Let g(v) = 12*v**2 - v. Let o(s) = 11*g(s) + 2*h(s). Suppose -176*d + 180*d = -740. Let c = -186 - d. Determine o(c).
9
Let t be 95/3 + 13 + (-164)/12. Let w(f) = -7*f**2 + 64*f - t*f - 31*f + 2. Give w(2).
-22
Let f(j) = -j**3 - 19*j**2 - 4*j - 69. Let z be 8 - (965/35 + 28/(-49)). Determine f(z).
7
Let r(k) = k**2 + 12*k - 1. Let i be (-1314)/(-8) + 43/(-172). Let y = -175 + i. What is r(y)?
-12
Let d(b) = -3*b**3 + 6*b**2 - 7*b + 1. Let g(h) = h**3 - 2*h**2 + 2*h. Let p(k) = -2*d(k) - 7*g(k). Let n be 972/162 - (60/35)/((-2)/(-7)). What is p(n)?
-2
Let i = -7310 - -7314. Let v(u) = 7*u**2 - 21*u + 2. Determine v(i).
30
Let s be (-6)/11 + 20/22*(-11 - -5). Let f(o) = -o**2 - 3*o + 17. What is f(s)?
-1
Let l(i) = i**3 + 2*i**2 - 4. Let g be l(0). Let r(w) = -3*w - 6. Let k(o) = 4*o + 7. Let f(x) = g*k(x) - 5*r(x). Calculate f(8).
-6
Suppose 0 = -8*z + 7*z + 90. Let m be (-20)/z - 276/(-27). Let q be (-4)/m - 72/45. Let o(k) = -4*k - 2. Calculate o(q).
6
Let a(y) be the first derivative of -14*y - 9/2*y**2 - 36 + 1/3*y**3. What is a(11)?
8
Let r(u) be the first derivative of 7*u**4/4 + 2*u**3/3 + 9*u**2 + 3*u + 86. Let a(j) = -4*j**3 - 2*j**2 - 10*j - 2. Let c(i) = -5*a(i) - 3*r(i). Give c(2).
1
Let w(g) = 11*g**3 - 2*g**2 + 1. Let y(j) = 3*j - 74. L